iple of 12?
False
Does 10 divide 2745?
False
Is 144 a multiple of 16?
True
Does 94 divide 8377?
False
Is 10 a factor of 2880?
True
Does 5 divide 2029?
False
Is 250 a multiple of 25?
True
Is 4110 a multiple of 3?
True
Is 71 a factor of 3376?
False
Is 22 a factor of 41756?
True
Is 4063 a multiple of 17?
True
Does 56 divide 35560?
True
Is 19 a factor of 912?
True
Does 17 divide 74873?
False
Is 2329 a multiple of 137?
True
Is 24 a factor of 1824?
True
Is 4 a factor of 66?
False
Does 26 divide 4082?
True
Is 1188 a multiple of 18?
True
Is 9468 a multiple of 42?
False
Is 1440 a multiple of 32?
True
Does 4 divide 10039?
False
Does 51 divide 82422?
False
Does 13 divide 5590?
True
Does 182 divide 17290?
True
Is 68 a factor of 41098?
False
Is 8788 a multiple of 47?
False
Is 103 even?
False
Does 5 divide 74?
False
Is 58 a factor of 15160?
False
Is 17 a factor of 1539?
False
Is 10136 a multiple of 8?
True
Is 18 a factor of 819?
False
Does 72 divide 73944?
True
Is 4624 a multiple of 112?
False
Does 4 divide 524?
True
Does 25 divide 15250?
True
Does 32 divide 38991?
False
Is 24 a factor of 5184?
True
Is 3186 a multiple of 19?
False
Is 10 a factor of 53876?
False
Is 25168 a multiple of 176?
True
Does 373 divide 59116?
False
Is 8 a factor of 2456?
True
Is 59395 a multiple of 51?
False
Is 8 a factor of 1344?
True
Is 3245 a multiple of 79?
False
Is 14 a factor of 45407?
False
Is 910 a multiple of 20?
False
Is 5720 a multiple of 130?
True
Does 3 divide 237?
True
Is 1781 a multiple of 13?
True
Does 15 divide 4335?
True
Is 11 a factor of 14322?
True
Is 50 a multiple of 8?
False
Does 8 divide 429?
False
Is 429 a multiple of 39?
True
Does 27 divide 9246?
False
Is 6 a factor of 1705?
False
Is 20 a factor of 15287?
False
Does 2 divide 983?
False
Is 92 a factor of 2539?
False
Is 12743 a multiple of 34?
False
Is 43991 a multiple of 84?
False
Is 1824 a multiple of 57?
True
Is 10 a factor of 520?
True
Does 13 divide 53469?
True
Is 4345 a multiple of 50?
False
Does 12 divide 2988?
True
Does 12 divide 68?
False
Is 3617 a multiple of 41?
False
Does 25 divide 8450?
True
Is 35670 a multiple of 58?
True
Is 1548 a multiple of 6?
True
Does 29 divide 54455?
False
Is 73 even?
False
Does 40 divide 3400?
True
Is 2 a factor of 52?
True
Is 10 a factor of 56440?
True
Does 46 divide 644?
True
Is 6 a factor of 351?
False
Is 4 a factor of 7532?
True
Is 6 even?
True
Does 87 divide 13137?
True
Is 141 a factor of 4653?
True
Does 62 divide 2796?
False
Is 157 a multiple of 8?
False
Is 12 a factor of 15118?
False
Does 90 divide 7844?
False
Is 17 a factor of 209?
False
Is 122 a factor of 32048?
False
Does 36 divide 14955?
False
Is 25760 a multiple of 16?
True
Does 2 divide 944?
True
Does 63 divide 12789?
True
Is 13 a factor of 1677?
True
Is 49714 a multiple of 53?
True
Is 5593 a multiple of 8?
False
Is 23936 a multiple of 64?
True
Does 21 divide 1588?
False
Does 22 divide 396?
True
Is 6258 a multiple of 47?
False
Is 15 a factor of 134?
False
Is 39760 a multiple of 80?
True
Is 12 a factor of 1932?
True
Is 245 a multiple of 2?
False
Does 15 divide 675?
True
Is 31 a factor of 4853?
False
Is 29600 a multiple of 42?
False
Is 330 a multiple of 10?
True
Is 28 a factor of 168?
True
Is 8700 a multiple of 29?
True
Is 22 a factor of 42?
False
Is 3525 a multiple of 36?
False
Does 10 divide 3538?
False
Does 11 divide 67385?
False
Is 2509 a multiple of 24?
False
Is 101 a factor of 20103?
False
Does 64 divide 306?
False
Is 51 a factor of 204?
True
Does 4 divide 824?
True
Does 21 divide 31668?
True
Is 471 a multiple of 8?
False
Does 14 divide 268?
False
Is 2 a factor of 172?
True
Is 54 a multiple of 18?
True
Is 5 a factor of 95?
True
Is 108 a factor of 14040?
True
Is 86 a factor of 1892?
True
Does 9 divide 772?
False
Does 17 divide 2443?
False
Does 122 divide 5978?
True
Does 35 divide 10136?
False
Is 1215 a multiple of 38?
False
Does 8 divide 1313?
False
Is 7 a factor of 8590?
False
Does 16 divide 232?
False
Does 21 divide 359?
False
Is 9552 a multiple of 16?
True
Is 24139 a multiple of 4?
False
Does 31 divide 1482?
False
Is 11 a factor of 3399?
True
Is 102 a factor of 153000?
True
Is 24 a factor of 2437?
False
Is 7 a factor of 20497?
False
Is 32 a factor of 21524?
False
Is 14885 a multiple of 13?
True
Does 14 divide 431?
False
Does 208 divide 23017?
False
Is 11 a factor of 143?
True
Does 16 divide 224?
True
Is 29 a factor of 12435?
False
Does 3 divide 439?
False
Does 10 divide 590?
True
Is 13 a factor of 13714?
False
Is 183 a multiple of 2?
False
Is 18 a factor of 1710?
True
Does 35 divide 58241?
False
Does 38 divide 8519?
False
Is 1152 a multiple of 12?
True
Is 9 a factor of 1430?
False
Is 9010 a multiple of 17?
True
Is 7 a factor of 2926?
True
Is 69 a multiple of 20?
False
Does 160 divide 1848?
False
Does 27 divide 28?
False
Is 26 a factor of 832?
True
Does 22 divide 770?
True
Is 2184 a multiple of 26?
True
Is 384 a multiple of 48?
True
Does 14 divide 871?
False
Is 10 a factor of 80?
True
Is 5406 a multiple of 6?
True
Is 34 a factor of 38080?
True
Is 43 a factor of 8221?
False
Is 6 a factor of 260?
False
Is 10 a factor of 2280?
True
Is 507 a multiple of 39?
True
Is 1199 a multiple of 11?
True
Is 22 a factor of 1958?
True
Is 93 a factor of 67146?
True
Does 49 divide 4091?
False
Is 2562 a multiple of 14?
True
Does 177 divide 5487?
True
Does 32 divide 1149?
False
Is 2090 a multiple of 72?
False
Is 13 a factor of 1777?
False
Is 29072 a multiple of 61?
False
Is 19 a factor of 1672?
True
Is 128 a multiple of 32?
True
Does 11 divide 3157?
True
Does 21 divide 1089?
False
Does 170 divide 8670?
True
Is 1512 a multiple of 72?
True
Is 97016 a multiple of 67?
True
Does 5 divide 23?
False
Does 15 divide 3900?
True
Is 7112 a multiple of 28?
True
Is 859 a multiple of 46?
False
Is 496 a multiple of 4?
True
Is 6870 a multiple of 228?
False
Does 66 divide 2178?
True
Is 16 a factor of 278?
False
Is 63 a factor of 1890?
True
Is 4148 a multiple of 17?
True
Does 32 divide 1101?
False
Is 10 a factor of 6183?
False
Is 14 a factor of 3124?
False
Is 172 a multiple of 22?
False
Is 29 a factor of 55240?
False
Does 12 divide 252?
True
Is 3 a factor of 8?
False
Does 25 divide 1050?
True
Does 55 divide 106?
False
Does 161 divide 8346?
False
Is 15 a factor of 705?
True
Does 6 divide 2421?
False
Is 60 a factor of 180?
True
Is 297 a multiple of 17?
False
Is 23 a multiple of 23?
True
Is 216 a multiple of 2?
True
Is 33 a factor of 63327?
True
Does 4 divide 212?
True
Is 79 a factor of 4266?
True
Is 235 a factor of 30249?
False
Does 29 divide 87?
True
Is 310 a multiple of 155?
True
Is 2 a factor of 4689?
False
Does 34 divide 1122?
True
Does 14 divide 1037?
False
Does 22 divide 23936?
True
Is 30 a factor of 1094?
False
Is 23 a factor of 82432?
True
Is 17 a factor of 3685?
False
Does 16 divide 7968?
True
Is 18240 a multiple of 30?
True
Is 12212 a multiple of 37?
False
Is 13092 a multiple of 32?
False
Is 48 a factor of 6014?
False
Does 6 divide 29?
False
Is 5125 a multiple of 35?
False
Does 7 divide 61180?
True
Is 1760 a multiple of 55?
True
Is 44 a multiple of 11?
True
Is 6 a factor of 1044?
True
Is 52325 a multiple of 35?
True
Does 8 divide 7520?
True
Does 43 divide 18697?
False
Is 7 a factor of 1351?
True
Is 16 a factor of 53978?
False
Does 12 divide 451?
False
Does 72 divide 37944?
True
Is 16929 a multiple of 19?
True
Is 494 a multiple of 26?
True
Is 38 a factor of 7012?
False
Is 21 a factor of 79023?
True
Is 8964 a multiple of 4?
True
Does 134 divide 269?
False
Is 7747 a multiple of 10?
False
Does 53 divide 1048?
False
Is 253 a multiple of 36?
False
Does 2 divide 209?
False
Is 1276 a multiple of 44?
True
Does 24 divide 12648?
True
Does 36 divide 4527?
False
Does 8 divide 416?
True
Is 14 a factor of 70700?
True
Does 19 divide 2356?
True
Does 37 divide 2368?
True
Is 546 a multiple of 13?
True
Is 131 a factor of 126939?
True
Is 13 a factor of 8177?
True
Does 32 divide 166912?
True
Is 121 a multiple of 2?
False
Is 33 a factor of 1832?
False
Is 10 a factor of 8619?
False
Is 868 a multiple of 28?
True
Is 71 a factor of 5609?
True
Is 36 a factor of 29592?
True
Is 73 a multiple of 73?
True
Does 5 divide 4569?
False
Is 12926 a multiple of 242?
False
Is 26791 a multiple of 73?
True
Is 19 a factor of 912?
True
Does 19 divide 1311?
True
Is 803 a multipl